te the remainder when t(-8) is divided by 8.
5
Suppose -2*d - 3*d = -3*n - 13, d - 4*n - 6 = 0. Suppose d*b + 2*b - 40 = 0. What is the remainder when (-13 - 2)*(-6)/5 is divided by b?
8
Suppose 64 = -2*j + 6*j. Let r(g) = 6*g + 4. Let i be r(3). Let z = 31 - i. Calculate the remainder when j is divided by z.
7
Let j(d) be the third derivative of -d**6/120 - 4*d**5/15 - 7*d**4/12 + 11*d**3/3 - d**2. What is the remainder when 26 is divided by j(-15)?
5
Suppose -8 = -0*q - q. Suppose -86 = -5*g + 24. What is the remainder when g is divided by q/1 + 1 + 3?
10
Suppose -4*k + 32 = -8. Suppose 77 = 4*y + 2*j - 5, -5*y = 4*j - 107. What is the remainder when y is divided by k?
9
Let q = -9 + 11. Let x(u) = 2*u**2 + u - 2. Let f be x(q). Suppose 2*w + 0*r - f = -5*r, 4*w - 32 = -2*r. Calculate the remainder when 16 is divided by w.
7
Let k be -6 + 6 + (0 - 3). Let i(s) = 4*s - 4. What is the remainder when i(4) is divided by 14*-1*k/6?
5
Let z(b) = -b**2 - 5*b - 1. Let o be z(-4). Let s = o - 2. Suppose -y + 5 = -s. Calculate the remainder when 17 is divided by y.
5
Let c = 92 + -66. Let r = -11 + c. What is the remainder when 73 is divided by r?
13
Suppose 5*o - 39 = 2*o. Let c = o - 9. What is the remainder when 7 is divided by c?
3
Suppose 5*m = -a + 10, -1 = -m - 0*m. Let u = -58 - -111. Suppose 0 = 3*y - a*p - u, -94 = -5*y + 3*p + 5. Calculate the remainder when y is divided by 6.
3
Let q(l) = l**2 - 7*l - 14. Calculate the remainder when 118 is divided by q(11).
28
Suppose -264 = -4*a + 4*n, -4*n + 86 = 3*a - 119. What is the remainder when a is divided by 17?
16
Let r(c) = -c**3 - 8*c**2 + 8*c - 5. Let a be r(-9). Let f be (-1)/(-3) - 92/(-12). Suppose a*i = f*i - 28. What is the remainder when 19 is divided by i?
5
Suppose -d - 3*n = 4*d - 38, -2*d - 2*n + 12 = 0. Calculate the remainder when 34 is divided by d.
4
Suppose -10*j + 226 = 76. What is the remainder when j is divided by 4?
3
Let l(t) = -t**3 - 5*t**2 - 6*t - 6. Let k be l(-4). Suppose -4*i + 0*f + 4 = f, -k*i = f. What is the remainder when -1 - (0 + (-12)/2) is divided by i?
1
Let h(c) = -3*c - 3. Calculate the remainder when 33 is divided by h(-4).
6
Let r(j) = 38*j. Let g be r(1). Suppose 0*u - g = -u. What is the remainder when u is divided by (-2)/3 - 41/(-3)?
12
Let j(h) = 8*h + 58. Calculate the remainder when j(-6) is divided by 2/(-3)*36/(-8).
1
Let b = -132 + 133. Calculate the remainder when 6 is divided by b.
0
Suppose d - 13 + 31 = -2*k, -k = -5*d - 145. Calculate the remainder when 49 is divided by 1*2*(-238)/d.
15
Let p = 37 - 7. Calculate the remainder when p is divided by 13.
4
Suppose 4*v + 4 = -8. What is the remainder when 9 is divided by (10/2)/((-3)/v)?
4
Let l = -7 - -2. Let p(y) = y**3 + 6*y**2 + 3*y + 3. What is the remainder when p(l) is divided by 7?
6
Suppose 0 = 3*d - 0*d. Suppose -4*m - 5*v + 0*v + 8 = d, -m + 3*v - 15 = 0. Calculate the remainder when 5 is divided by 7/3 + m/9.
1
Let p = 35 - 22. Suppose -4*g - 5*x + 25 = 0, 23 = 2*g + 5*x - 2. Calculate the remainder when 75/3 - (1 - g) is divided by p.
11
Suppose 0 = 5*b + 3*t - 4, 3*b + 4*t = -0 - 2. Suppose 2*p = 3*l + b*l + 41, -p + 5*l = -23. Calculate the remainder when 33 is divided by p.
15
Let l(y) = -2*y**2 - 3*y - 5. Let h be l(-2). What is the remainder when 34 is divided by (-77)/h - 4*1?
6
Suppose -k - 9 = -2*k. Suppose 15 = 4*x - k. Let c(g) = g**2 - 6*g + 3. Calculate the remainder when c(x) is divided by 2.
1
Let r(o) = -o**2 - 6*o + 6. Let g be r(-6). Suppose g + 2 = v. Let q = 14 - v. Calculate the remainder when 11 is divided by q.
5
Suppose 7*n - 2*n - o - 36 = 0, 0 = n + 5*o - 28. Calculate the remainder when 14 is divided by n.
6
Suppose -3*t + 46 = -83. Suppose -55 = -4*u + 33. Calculate the remainder when t is divided by u.
21
Calculate the remainder when 19 is divided by 45/(-6)*(-16)/12.
9
Suppose y - 86 = -4*t, -t - 2*y = -0*t - 25. Calculate the remainder when 82 is divided by t.
19
Let d(a) = 22*a - 4. Suppose 5*s = 90 + 15. What is the remainder when d(3) is divided by s?
20
Let f = 88 + -62. What is the remainder when f is divided by (-28)/10*1*-5?
12
Let x be ((-6)/(-3))/(0 + 1). Suppose 0 = 3*r + x*r - 25. What is the remainder when -1*(2 - -26)/(-4) is divided by r?
2
Let s be 20/6 + 3/(-9). Suppose 35 = s*r - 7. What is the remainder when 40 is divided by r?
12
Let v(m) = 47*m - 2. Calculate the remainder when v(1) is divided by 12.
9
Let s(t) = -105*t**3 + t**2 + 2*t. What is the remainder when s(-1) is divided by 29?
17
Let q = 81 + -12. Suppose 2*d - q + 9 = 0. What is the remainder when d is divided by 16?
14
Suppose -6 = 3*y, 3*y + y = 3*v - 272. Let o = v - 160. Calculate the remainder when 46 is divided by ((-4)/6)/(3/o).
14
Suppose -3*r = -6*k + k - 221, k + 152 = 2*r. What is the remainder when r is divided by 26?
25
Suppose -20 = -4*z + 36. Let j = -46 + 71. Calculate the remainder when j is divided by z.
11
Let r = -10 - -11. Suppose -s + 8 = 3*s. What is the remainder when s is divided by r?
0
Let l = 40 + -23. What is the remainder when l is divided by 6?
5
Suppose u - 1 = -2. Let q be (24/9)/(u/3). Let i = 8 - q. What is the remainder when i is divided by 6?
4
Let w = 12 - 0. Suppose r + w = 4*r. What is the remainder when 7 is divided by r?
3
Suppose 2*n = -3*q + 1 - 2, 3*n - 5*q = 27. Let y(a) = 6*a + 3. Suppose -6 = -3*c + 15. What is the remainder when y(n) is divided by c?
6
Let l(w) = -2*w - 8. What is the remainder when 10 is divided by l(-7)?
4
Suppose 8*f - 55 = 3*f. Calculate the remainder when 41 is divided by (f/(-5))/((-1)/5).
8
Let u = 190 - 145. What is the remainder when u is divided by 16?
13
Let n(v) = v**2 + 14*v + 7. Let w be n(-15). Let z = w + -18. Calculate the remainder when 8 is divided by z.
0
Let q(a) = a + 37. Calculate the remainder when q(0) is divided by 10.
7
Let i(f) = 14*f**2. Let p be i(-1). Suppose 4*a - 14 = p. What is the remainder when a is divided by 2?
1
Suppose i + 48 = a, -6*a - 4*i = -3*a - 144. Calculate the remainder when a is divided by 17.
14
Let f(h) = -4*h - 27. Calculate the remainder when 63 is divided by f(-11).
12
Let l(x) = -x**2 - x + 14. Let m = 8 - 8. Calculate the remainder when 25 is divided by l(m).
11
Let i(g) = 2*g**2 - 5*g + 5. Suppose n + 2*n - 30 = 0. What is the remainder when i(4) is divided by n?
7
Calculate the remainder when 7 is divided by 5*(-1)/(-5)*3.
1
Let b = 246 - 152. Calculate the remainder when b is divided by 33.
28
Let n = 11 - -15. Let z = 21 + -13. Suppose 0 = -2*g + z + 20. Calculate the remainder when n is divided by g.
12
Let d = -13 - -15. Suppose -j - 89 = -d*s, 93 = 2*s - 5*j - 0*j. Calculate the remainder when s is divided by ((-3)/1)/((-1)/5).
14
What is the remainder when ((-54)/(-5))/((-3)/(-15)) is divided by 19?
16
Let i(f) be the third derivative of f**5/60 + f**4/6 - 4*f**3/3 + f**2. Let m = -14 + 25. What is the remainder when m is divided by i(-6)?
3
Suppose 2*d - 128 = 4*l, -d + 3*l + 72 - 5 = 0. Suppose 26 = q - 3*n, -d = -0*q - 3*q - n. Calculate the remainder when q is divided by (1/2)/((-3)/(-42)).
6
Suppose z - 10 = 55. Let w = z + -41. Suppose -5*u + u + 184 = 0. Calculate the remainder when u is divided by w.
22
Suppose -r + 8 = -3. Suppose a - 3*i + 2 = -1, 2*i + r = 5*a. Calculate the remainder when a is divided by 2.
1
Suppose 4*l + 2 = 38. Let g(y) = -2*y**3 - 4*y**2 - 2. Suppose x - 3 = 2*x. What is the remainder when g(x) is divided by l?
7
Let f = -13 + 22. Let u = f - 4. Calculate the remainder when u is divided by 4.
1
Calculate the remainder when 49 is divided by -2 - 7/((-14)/30).
10
Let t = 8 - 9. Let m = t + -12. Let j = m + 27. What is the remainder when 27 is divided by j?
13
Let l(i) = 2*i**3 + 3*i**2 + 3. Let w be l(-3). Let u = 12 - w. Calculate the remainder when u is divided by 19.
17
Suppose 3*w - 26 = w. What is the remainder when 18 is divided by w?
5
Suppose 56 - 12 = -4*d. Let o = 2 - d. What is the remainder when 63 is divided by o?
11
Let g(k) = k**3 + 9*k**2 + 9*k. Let b be g(-8). Let n(p) = p**3 - 2*p**2 + p. Let z be n(3). Let w = z + b. What is the remainder when 10 is divided by w?
2
Suppose 90 = 10*b - 7*b. What is the remainder when 117 is divided by b?
27
Let q(j) = -j**2 + 52*j + 87. Let d = 4 - -5. Wh